2, 3
Let g(d) be the second derivative of 139*d**4/12 + d**3/3 - 3*d**2/2 - 21*d. List the prime factors of g(1).
2, 3, 23
Suppose -5 = -3*q - k, 3*k - 4*k = q - 5. Suppose -j - 3*j + 656 = q. Let p = -116 + j. What are the prime factors of p?
2, 3
Suppose 0 = 3*u - 2*l - 8001, -2*l + 8977 = 4*u - 1677. What are the prime factors of u?
5, 13, 41
Suppose 2*t - 5*h - 332 = 0, 4*t + 3*h = -h + 664. List the prime factors of t.
2, 83
Let j(a) = -a**3 - a**2 - 7*a - 3. Let i(z) = -z**2 - z - 1. Let v(w) = 6*i(w) - j(w). Let q be (-18)/(-4)*40/30. What are the prime factors of v(q)?
3, 13
Suppose -154*a - 13160 = -164*a. What are the prime factors of a?
2, 7, 47
Let k(h) = 2*h**3 + 5*h**2 - 14*h + 32. What are the prime factors of k(7)?
5, 173
Let y(s) = 27*s**2 + 81*s + 31. What are the prime factors of y(-8)?
11, 101
Let w(r) = 173*r - 4. What are the prime factors of w(3)?
5, 103
Let d = -417 + 1027. List the prime factors of d.
2, 5, 61
Let p(y) = y**3 + y**2 - y + 1. Let l be p(1). Suppose -2*j + 4*d - 42 = -3*j, l*j - 2*d - 74 = 0. List the prime factors of j.
2, 19
Suppose t + 12 = 138. What are the prime factors of 2 - 8/((-16)/t)?
5, 13
Let o = 2 + 1. Let x = -72 + -153. List the prime factors of ((-1)/o)/(3/x).
5
Let v(n) = n**3 + n**2 - n + 160. Let u be v(0). Suppose 0 = -5*g + 10*g - u. Suppose 20 = 4*p - g. List the prime factors of p.
13
Suppose -4*f = 2*v - 224, -5*v - 9*f = -5*f - 548. List the prime factors of 11544/v - (-1)/9.
107
Let u = 16 - 12. Suppose u*l - 5 = -4*n - n, 5*n = -3*l. List the prime factors of ((-69)/(-6) - n)*2.
29
List the prime factors of 1/11 + 411*233/33.
2, 1451
Suppose 6*s = -2*s + 3112. Let t = 726 - s. List the prime factors of t.
337
Let l(s) = -s**3 + 9*s**2 - 4*s - 4. Let j be l(7). Let i = j + -36. List the prime factors of (0 - 1)/((-2)/i).
3, 5
Let m(y) = y + 16. Let q be m(-11). Suppose q*g - 1004 = -319. List the prime factors of g.
137
Let l be 3*(-45)/(-12)*4. Suppose 3*u + 24 + l = 3*h, 2*h = -3*u + 56. Suppose -h = 5*x, -4 = q + 4*x + 3. List the prime factors of q.
13
What are the prime factors of 720 - (-8)/(-5)*5?
2, 89
Suppose -5*y - 4*f + 2574 = -3*f, 3*f = 12. List the prime factors of y.
2, 257
Let c(q) = -3*q**3 - 3*q**2 - q + 1. Let a be c(-2). Suppose -i = -36 - a. What are the prime factors of i?
3, 17
Suppose 7*i = 2*l + 2*i - 780, -4*l = 2*i - 1536. What are the prime factors of l?
5, 7, 11
Let u(j) = -j**2 - 8*j - 4. Let h be u(-7). Let w = 18 - -11. Suppose 5*r = -h*c + w, -2*c = r - 25 - 6. List the prime factors of c.
2, 3
Let s(x) = 15*x**3 + x**2 - 1. Suppose 2 = -c + 1. Let q be s(c). List the prime factors of 3/(-5) - 159/q.
2, 5
Let w be (-3)/4 - (-9)/(-4). Let z be 1 + w*55 + -1. What are the prime factors of z/22*4/(-5)?
2, 3
Suppose 3*q = -3*v + 6, v + 4 = -q + 2*q. Suppose -2*x - 2*x = -q*s - 26, -x - 4*s = -16. Suppose 5*n = j + 80, -n + j = -4*j + x. List the prime factors of n.
17
Let j = 82 - 71. Suppose 9*n = j*n - 58. What are the prime factors of n?
29
What are the prime factors of 1292/6 + 0 - 44/(-66)?
2, 3
What are the prime factors of (1191/(-21)*-6)/((-39)/(-273))?
2, 3, 397
Let y = -22 - -27. Suppose -61 = -2*s + t, -144 - 7 = -y*s + 4*t. List the prime factors of s.
31
Let g(i) = i**2 - 3*i - 2. Suppose 4*p - 5 - 11 = 0. Let o be g(p). Suppose -3*q - 8 - 7 = -n, o*q + 59 = 3*n. What are the prime factors of n?
3, 7
Let l(f) = f**2 + 4*f + 1. Let g be l(-3). What are the prime factors of -1 - (g + 2) - (-1328)/8?
3, 5, 11
Suppose -a + 77 = -p, -358 + 54 = 4*p - 2*a. Let y = 13 - p. What are the prime factors of y?
2, 11
Let t = 2400 + -700. List the prime factors of t.
2, 5, 17
Suppose 0 = -5*j - 103 + 28. Let c = j - -22. Suppose -d + 5 = -g, -d + 6*g = 3*g - c. List the prime factors of d.
2
Let n(a) = 19*a**3 + a**2 + 40*a - 17. List the prime factors of n(6).
4363
Suppose 10*k = 2779 - 479. Suppose -36*z + 31*z + k = 0. List the prime factors of z.
2, 23
Let v(q) = 2*q + 8. Let r be v(-7). Let o be ((-15)/r)/((-3)/6). List the prime factors of (-204)/(-10) - 3/o.
3, 7
Suppose -21 = -6*p - 3. Suppose p*a = 3*d + 1 + 5, -6 = -3*a + 4*d. Suppose -2*v = a*y - 82, -v = -0*v. List the prime factors of y.
41
Suppose -3866 = -4*n - 5*c, n - 2*c - 973 = -0*n. What are the prime factors of n?
3, 17, 19
Suppose 35*p - 15856 = 20719. What are the prime factors of p?
5, 11, 19
Let k = 35 - 30. Suppose 2*p + 10 = 0, p - 350 = -5*o + k*p. List the prime factors of o.
2, 3, 11
Let l be 2/(-6) - (-144)/27. Suppose -344 - 121 = -l*q. List the prime factors of q.
3, 31
Let c(f) = f**3 + 9*f**2 - 2*f - 3. Let i be -11 + (0 - (0 - 3)). List the prime factors of c(i).
7, 11
Let l(r) = -3*r + 7. Let v be l(8). Let q = 207 - 172. Let d = v + q. What are the prime factors of d?
2, 3
Let b be 10/15*-3 - (-1 + -11). Suppose b*c = 4*c + 306. What are the prime factors of c?
3, 17
Let w(d) = 11*d + 19. Suppose -45 - 15 = -5*c. What are the prime factors of w(c)?
151
Let y = -604 - -856. Suppose -35*p = -32*p - y. What are the prime factors of p?
2, 3, 7
What are the prime factors of (6908/(-6))/(1 - 10/6)?
11, 157
Suppose -3*a = -4*a - 9. Let t be a*4/6 + -3. List the prime factors of (-6)/t + 438/18.
5
Let y(l) = 2*l**2 + 2*l - 1. Let k = 10 + -9. Let s be y(k). Suppose 2*v + 9 = -v, 60 = 3*g + s*v. What are the prime factors of g?
23
Let j(o) = -18*o - 5. Suppose 3*k - 19 = -31. List the prime factors of j(k).
67
Suppose -3*t + 802 = 3*v - 1064, 3116 = 5*v + 3*t. What are the prime factors of v?
5
Let c(o) = 87*o**2 - o + 4. What are the prime factors of c(1)?
2, 3, 5
Let v(b) = -21*b + 35. List the prime factors of v(-15).
2, 5, 7
Let m(u) = u**2 + 5*u + 1. Let z be m(-3). Let y = -107 - -77. List the prime factors of (-486)/y - (-1)/z.
2
Let a(f) = f**2 - 3*f - 1. Suppose 10 = -5*o - 0*o. Let g be (3 + -4)*12/o. List the prime factors of a(g).
17
Let t = 1350 - -2129. What are the prime factors of t?
7, 71
Suppose -a + j + 760 = -2*j, -5*a + 3800 = -4*j. Suppose -a - 568 = -8*z. What are the prime factors of z?
2, 83
What are the prime factors of ((-108)/(-14))/((-20)/(-2520))?
2, 3
Let l(p) = p**2 - 5*p - 12. Let m be l(8). Suppose 0 = h - 7*h + m. Suppose -5*c + h*o + 83 = 0, 2*o = c - 2*c + 7. What are the prime factors of c?
3, 5
Let u = -465 + 915. List the prime factors of u.
2, 3, 5
Let i(h) = h**3 + 15*h**2 + 16*h + 1. Let r be i(-13). Let g = r + -75. Suppose 2*q = g - 8. What are the prime factors of q?
2, 3
Let w = -54 - -136. Suppose -5*g + 3*g = -w. Suppose 2*l - g + 7 = 0. List the prime factors of l.
17
Suppose -37921 = -27*s + 18050. List the prime factors of s.
3, 691
Suppose -229 = -3*y + 4*o, 225 = y + 2*y - 3*o. Suppose q + h - y = 174, 0 = -2*q + h + 505. List the prime factors of q.
2, 5
List the prime factors of 48/60 - (-4841)/5 - 1.
2, 11
Let w(p) = 12*p + 21. Let u be w(5). Let g = u + -25. List the prime factors of g.
2, 7
Let i(y) = -y**3 + 3*y**2 + 3*y - 3. Let n be i(3). Let d be (3*2/n)/1. List the prime factors of (0 - d)*(3 - 35).
2
Let c(z) = -z**2 + 9*z + 23. Suppose 0*k + 2*j = 3*k - 17, -2*k = -2*j - 10. Let g be k/14*(21 - 1). List the prime factors of c(g).
13
Suppose -3*p - p - 26 = 5*f, 2*f - 2*p - 4 = 0. Let r be -1*(2 + -1)*f. Suppose 2*q + q + 2*o = 29, 0 = -2*q + r*o + 26. What are the prime factors of q?
11
Suppose -2*n + 1479 = 2*j + 3*j, 0 = 3*j - 15. What are the prime factors of n?
727
Let d = 320 - 348. Let b be (-94)/6*(4 + -1). Let v = d - b. What are the prime factors of v?
19
Let z(v) = 35*v - 908. List the prime factors of z(65).
1367
Let r = 1764 - 1373. List the prime factors of r.
17, 23
Let l = 7 - 13. Let a = 5 + l. List the prime factors of (a*6)/(-2) + 17.
2, 5
Let c(a) = a**3 - 3*a**2 + 2. Let k = 23 + -20. Let x be c(k). Suppose u - x*u = -21. What are the prime factors of u?
3, 7
Let g = 10 + -30. Let l = g + -7. Let n = l + 56. List the prime factors of n.
29
Let k(n) = n**2 - 2*n - 18. Let f be k(0). Let i(o) = o**3 + 17*o**2 - 27*o - 57. What are the prime factors of i(f)?
3, 5, 7
Let x = -22 + 25. Suppose 5*s = -h + 36, 3*h - 4*h - x*s = -28. List the prime factors of h.
2
Let v be 0 + (-2)/1 + 2. Suppose v = a + 3*y - 25, -2*y - 2*y + 29 = a. What are the prime factors of a?
13
Suppose 7 + 23 = 5*a.